n c is divided by q(15)?
11
Let d(t) = -2429*t**3 - 6*t**2 - 4*t + 1. Let w be d(-1). Suppose 0 = -10*y - 138 + w. What is the remainder when y is divided by 81?
67
Let j be 38/(-8) + 9/(-36). Let o = 41 - 28. Let p = j + o. Calculate the remainder when 23 is divided by p.
7
Calculate the remainder when 1029 is divided by ((-24900)/80)/(-5) + (-2)/16*2.
37
Let y be (9/((-54)/(-24)))/((-2)/18). Let r be ((-120)/y)/((-1)/(-3)). Calculate the remainder when (-335)/(-2)*(18/r - 1) is divided by 45.
44
Let c = 588 - 406. Let u(s) = -s**3 - 29*s**2 - 58*s - 71. What is the remainder when c is divided by u(-27)?
34
Let n(y) = -5*y**3 - 5*y**2 - 7*y + 12. Calculate the remainder when n(-2) is divided by 13.
7
Suppose 0 = -55*y + 53*y + 332. Suppose 8*l - y = 18. What is the remainder when 42 is divided by l?
19
Suppose 18*h - 12 - 42 = 0. What is the remainder when 586 is divided by (1310/14 - (-48)/(-84))/h?
28
Let w(g) = 1054*g**2 + 92*g + 5. What is the remainder when w(-1) is divided by 320?
7
Let v be 9452/28 - 18/(-42). Let a = 376 - v. Calculate the remainder when a is divided by 13.
12
Suppose -72 = -98*b + 94*b + 4*h, -4*b + 67 = -3*h. Calculate the remainder when 296 is divided by b.
10
Let m(i) = -i**3 + 9*i**2 - 4*i - 13. Suppose -t - 20 = 4*t, 5*w = t + 44. What is the remainder when 65 is divided by m(w)?
8
Suppose 1411*w - 25 = 1386*w. Suppose f = 4*f - 2*o - 5, -4*o + 45 = 5*f. Calculate the remainder when f is divided by w.
0
Suppose 3*l - i = 271 + 292, -5*i + 533 = 3*l. What is the remainder when 45753 is divided by l?
183
Suppose 0 = -f - f + 2064. Suppose 5*o - 7 = 4*l + 1328, 4*o + 4*l = f. Calculate the remainder when o is divided by 33.
32
Let m = 49 + -45. Suppose -105 = m*c - 457. Let b(f) = f**2 - 2*f - 6. What is the remainder when c is divided by b(-4)?
16
Suppose -164*y - 1425 = -167*y. What is the remainder when y is divided by 121?
112
Suppose 2343 = 1346*u - 1313*u. Let w(z) = -z**2 - 9*z + 6. Calculate the remainder when u is divided by w(-6).
23
Suppose 2*v = 3*y - 249, y + 4*v + 166 = 3*y. Let t be (-2 - 0)*(-1)/(-2). Let g = 16 - t. What is the remainder when y is divided by g?
15
Suppose -539 = -p - i, 7*i - 2695 = -5*p + 5*i. Suppose 4*s + 2*g - 44 = 0, -30 = -4*s + g + 20. What is the remainder when p is divided by s?
11
Let b(w) = -107*w**3 - 15*w**2 + 4*w + 5. Suppose 42 = 3*p + c, 4*p - 3*c - 85 + 29 = 0. Calculate the remainder when b(-1) is divided by p.
9
Let j = -17401 - -19386. What is the remainder when j is divided by 80?
65
Let i(l) = -98*l - 4161. Calculate the remainder when 607 is divided by i(-43).
24
Calculate the remainder when 493 is divided by 21/(-35) - 4048/(-80).
43
Suppose -758*k + 276464 = -721*k. Calculate the remainder when k is divided by 65.
62
Let n = 16 - 11. Let r be ((-9)/(-6))/((-3)/40*-4). What is the remainder when n is divided by 12*r/20*(-2 + 3)?
2
Suppose 0 = -4*m + 27*c - 29*c + 1590, -1173 = -3*m + 5*c. Calculate the remainder when 1199 is divided by m.
11
Let o be 0*(-10)/12*(-2)/(-5). Suppose o = -3*u - 3*u. Suppose -5*r = 3*b - 58, u = -b + r + 1 + 5. What is the remainder when 76 is divided by b?
10
Let a = 105 + -112. Let h(o) = 5*o**2 + 30*o + 1. Calculate the remainder when 246 is divided by h(a).
30
What is the remainder when 85 - 1/2*-24 is divided by 16?
1
Suppose -5*a + 15 = 3*b - 20, 2*a = 5*b - 17. Suppose 0 = -2*u - b*s + 51 + 66, -4*u = 2*s - 210. Let m = -8 + 26. What is the remainder when u is divided by m?
15
Let b = 1837 - 1810. Let h(j) = -j - 6. Let p(d) = -d**2 + d + 7. Let m(a) = -2*h(a) - 3*p(a). Calculate the remainder when m(-6) is divided by b.
24
Let r(g) = -12*g**2 - 541*g - 190. Calculate the remainder when r(-44) is divided by 32.
30
Suppose 0 = 56*v - 52*v - 8. Suppose -v*o - 21 = -59. Let k = o - -23. What is the remainder when 208 is divided by k?
40
Let u(s) = 2*s**2 - 47*s + 366. Suppose -17*n = -15*n - 32. What is the remainder when u(13) is divided by n?
13
Let c(a) = a**3 - 70*a**2 - 158*a + 1031. Suppose -2*q = q + 3, 0 = -2*h + 3*q + 29. Calculate the remainder when c(72) is divided by h.
10
Calculate the remainder when 16476 is divided by (-37)/(259/154)*(-3)/6.
9
Suppose 6*x - 475 + 163 = 0. Suppose x*c - 54*c + 20 = 0. Suppose 3*a = 8 + 10. Calculate the remainder when c is divided by a.
4
Suppose 3*p = -14*p - 0*p + 2431. What is the remainder when 406 is divided by p?
120
Suppose -28*z - 39*z + 4848 - 1632 = 0. What is the remainder when 394 is divided by z?
10
Suppose -51 = -y + 6. Suppose 0 = h + 2*h - y. What is the remainder when 24/6*(-203)/(-28) is divided by h?
10
Let y = 4661 - 4554. Calculate the remainder when 790 is divided by y.
41
Let i(z) = 11*z**2 - 202*z - 89. Calculate the remainder when 608 is divided by i(19).
36
Let o be -231 + (0 - 10) + 6. Let f = -219 - o. Calculate the remainder when f is divided by 12.
4
What is the remainder when 308 is divided by ((2100/147)/10)/((-1)/(-42))?
8
What is the remainder when (23556/(-102) - 31/527)*(0 + -1) is divided by 75?
6
Suppose 5*l + 0*l = 4*b - 66, 2*b + 3*l = 22. Let k(j) = j**3 - 16*j**2 + 36*j + 9. Calculate the remainder when k(b) is divided by 16.
9
Suppose -x = 3*s - 2, -5*s - 1 = -x + 1. Suppose -2*y - x*v + 3 = v, 31 = 4*y + v. Calculate the remainder when -1 + (-24)/(-30) + (-152)/(-10) is divided by y.
6
Let r(z) = 7*z - 89. Let p(y) = -y**3 + 16*y**2 + 44*y + 1. Calculate the remainder when p(18) is divided by r(18).
34
Let q = 1268 - 1143. What is the remainder when 3747 is divided by q?
122
Let l(j) = 3*j**2 + 11*j - 182. What is the remainder when l(20) is divided by 27?
23
Let i be -4*2*(7 + (-3975)/30). Let y = -980 + i. What is the remainder when 100 is divided by y?
4
Let w(b) be the third derivative of b**6/120 - 3*b**5/10 + b**4/8 - 19*b**3/3 + 5*b**2 - 16. What is the remainder when 303 is divided by w(18)?
15
Let a(s) = 4*s**2 - 83*s + 434. Calculate the remainder when 58 is divided by a(11).
3
Let q(r) = -2*r**3 - 2*r**2 + 8*r + 10. Let f(k) = k**3 + 4*k**2 - 4*k - 1. Suppose 3*i + 2*i = -10. What is the remainder when q(-4) is divided by f(i)?
14
Let x(k) = 3*k**3. Let r be x(-1). Let h = -4 - r. What is the remainder when (18 + -1)*h*-1 is divided by 10?
7
Suppose -146*r + 280122 = -433*r + 848669. What is the remainder when r is divided by 985?
11
Suppose 0 = 5*i - 4*s - 487, -181 = -2*i - 253*s + 250*s. What is the remainder when i is divided by 8?
7
Let b = 9 + 65. Let n(f) = -f**3 - 78*f**2 - 1522*f - 26. Calculate the remainder when b is divided by n(-39).
9
Suppose 18*m + 3*t = 24*m - 21, 5*m - 16 = t. Calculate the remainder when 52 is divided by m.
1
Suppose -54*b - 64*b + 100225 = -23*b. Calculate the remainder when b is divided by 176.
175
Suppose 4*a + 2410 = -2*z, 13*a + 4*z + 606 = 12*a. Let y = a - -655. What is the remainder when y is divided by 31?
22
Let l(h) = -78*h + 88. What is the remainder when l(1) is divided by 4?
2
Suppose -28 = 2*h - 4*h. Suppose -2*j + 144 = j. Calculate the remainder when j is divided by h.
6
Let v(m) be the third derivative of m**4/12 - m**3/3 + 2*m**2. Let l(r) = 215*r - 2109. What is the remainder when l(10) is divided by v(3)?
1
Let s = 32 + -32. Suppose -4*y + 2 = n - 0, s = -y. Suppose -3*r = n*r - 680. Calculate the remainder when r is divided by 35.
31
Suppose -1512*m + 179*m - 1566 + 26893 = 0. Calculate the remainder when 39/1*12/9 is divided by m.
14
Let h(u) = -u**2 - u. Let k = 4 + -3. Let s(w) = 117*w**2 - 3*w - 1. Let x(z) = k*s(z) - 6*h(z). What is the remainder when x(-1) is divided by 30?
29
Let i(f) = 2656*f**2 + 16*f + 42. What is the remainder when i(-2) is divided by 10?
4
Let b = 2267 - 2028. Calculate the remainder when b is divided by 68.
35
Suppose 0 = u - 5*s - 547, 442*s + 6 = 441*s. What is the remainder when u is divided by 13?
10
Let p be ((-1396)/6)/(-2) - 28/21. Suppose p*w - 123*w + 200 = 0. Let u = -17 + 30. What is the remainder when w is divided by u?
12
Let w(m) = -m**3 - 13*m**2 + 3*m + 135. Calculate the remainder when w(-17) is divided by 39.
31
Suppose -4*p - 5*m + m - 164 = 0, -205 = 5*p - 3*m. Let a = p - -106. What is the remainder when a is divided by 9?
2
Suppose -3*z + 2*p + 3873 = 0, -13*z - 8*p + 6489 = -8*z. What is the remainder when z is 